 -5*p. List the prime factors of p.
3
Suppose -2*d + 6*d - 16 = 0. Suppose -d*t - t = 0. List the prime factors of (-1)/(2/(-10)) + t.
5
Let r(v) = v**3 - 6*v**2 + 6*v + 4. Let d be r(5). List the prime factors of 2/d - (-50)/18.
3
Let f(z) = 15*z**2 + z + 1. Let x = -13 - -12. What are the prime factors of f(x)?
3, 5
Let y be (-1)/(-2) + (-81)/(-6). Let q = y - 6. List the prime factors of q.
2
Suppose 3*d = -d. Let b = 14 + -12. Let t = b - d. List the prime factors of t.
2
Let b(p) = -p**3 + 7*p**2 + 5*p + 14. List the prime factors of b(7).
7
Let a be (-4 - -3) + (1 - -1). Suppose 0 = -4*x - z + 17, 5*z - a - 21 = x. What are the prime factors of (2/5)/(x/75)?
2, 5
Let j be (20/8)/(-5)*-4. Suppose -4*s + 36 = 2*u - j, u + s = 19. What are the prime factors of u?
19
Suppose -d - 5*a + 11 = 0, 2*d + 3*d = -2*a + 78. List the prime factors of d.
2
Suppose -5*v = -v - 128. Suppose 0 = 5*z + 2*q - v, z + q + 1 = 8. What are the prime factors of z?
2, 3
Suppose -2*s + a = -3*s + 36, 4*s = a + 129. Let g = 51 - s. What are the prime factors of g?
2, 3
List the prime factors of (21 + -6)/(-2 - 23/(-11)).
3, 5, 11
Let z = 11 + 54. What are the prime factors of z?
5, 13
Let w(t) = -t**3 + 5*t**2 + 9*t + 4. What are the prime factors of w(6)?
2, 11
Suppose -i - 4*i + 294 = 3*u, u = -2. What are the prime factors of i?
2, 3, 5
Let b = -18 + 36. What are the prime factors of b?
2, 3
Let m(x) be the second derivative of -x**6/360 + x**5/12 - 3*x**4/8 - x**3/3 - 2*x. Let a(p) be the second derivative of m(p). List the prime factors of a(7).
2, 3
Suppose -926 = -8*g - 246. What are the prime factors of g?
5, 17
Suppose 7 = -t + 1. Let g = t - -12. What are the prime factors of g?
2, 3
Suppose -3*w = w - 8. Suppose -5*k = -w*k - 105. List the prime factors of k.
5, 7
Let c = -1 + 1. Suppose 4*a + 0*g - 4 = 3*g, a + 5*g - 24 = c. Suppose -a*k = 5 - 21. List the prime factors of k.
2
Let v(a) = a**3 + 7*a**2 + 3*a - 8. Let x be v(-6). Suppose 2*i = -0*i + x. What are the prime factors of i?
5
Let x(v) = 2*v + 8. Let k be x(-5). Let f = k + 12. List the prime factors of f.
2, 5
Let d = 3 + -3. Suppose d*r = -r + 14. List the prime factors of r.
2, 7
What are the prime factors of (-2 - 2)*15/(-20)?
3
Let c(u) = -2*u - 1. Let k be c(-6). Suppose 3*n - 7*n = -92. Let s = n - k. What are the prime factors of s?
2, 3
Let m(s) be the first derivative of s**4/4 + 4*s**3/3 - 3*s**2 + 5*s + 2. Suppose a + 4*v + 9 = 0, -4*a + 2*v - 6 = 12. List the prime factors of m(a).
2, 5
What are the prime factors of (-387)/(-6)*2/3?
43
Let m(o) = 26*o. Let f be m(2). Let x = f - 34. List the prime factors of x.
2, 3
Let h = 3 - 17. Let n = h - -36. What are the prime factors of n?
2, 11
Let r be 56 - -8 - (-2)/(-2). Suppose d + r = 3*i, 2*i - 5*i + 4*d = -54. What are the prime factors of i?
2, 11
What are the prime factors of (-2)/((6/(-302))/((-3)/(-2)))?
151
Suppose -3*c - 4*r + 18 = 0, 3*c + 3 = -2*r + 15. Let o(p) = p**3 + 4 + 5*p**2 + 2*p**2 - c*p**2 - p. List the prime factors of o(-5).
3
Let r(c) be the second derivative of 9*c**5/20 + c**4/12 - c**3/3 + c**2/2 + 2*c. What are the prime factors of r(1)?
3
Let y(z) = z**3 + 7*z**2 - 8*z - 7. Let m be y(-8). Let l = -2 - m. Suppose 4*c - 3*a - 42 = 0, -3*c - 55 = -8*c + l*a. What are the prime factors of c?
3
What are the prime factors of (-3)/(-2) - 90/(-12)?
3
Let r(o) = 2*o + 13. Let z be r(-11). Let v = z - -19. What are the prime factors of v?
2, 5
Let w(u) = -u**2 + 2*u + 1. Let a be w(-1). Let q be 3/a - 3/(-2). Let r(v) = -v + 8. List the prime factors of r(q).
2
Suppose -3*a - 123 = -3*j, 2*j + 2*a = 5*a + 83. Suppose -5*r + j = -20. What are the prime factors of r?
2, 3
Suppose 0*k - 37 = -k + p, 0 = 4*k + 2*p - 136. What are the prime factors of k?
5, 7
Suppose 4 - 14 = -5*y. Suppose 4*r - 94 = y*l, -3 - 7 = -2*l. List the prime factors of r.
2, 13
Suppose 7*q - 4*q - 15 = 0. Suppose 4 = -5*b - 21, -q*t - 5*b = -15. What are the prime factors of t?
2
Let t(g) = -10*g - 1. Suppose q - 6*c = -2*c + 19, 3*q + c + 8 = 0. List the prime factors of t(q).
3
Let v(w) = 95*w**3 - 1. List the prime factors of v(1).
2, 47
Let b(p) = p**2 - 4*p - 9. List the prime factors of b(9).
2, 3
Let z = -28 + 154. What are the prime factors of z?
2, 3, 7
Suppose -136 = -8*i + 136. List the prime factors of i.
2, 17
Suppose -12*s - 2*l = -10*s - 74, 0 = -2*s - 4*l + 74. List the prime factors of s.
37
Let k(f) = -f**2 + 6*f - 6. What are the prime factors of k(4)?
2
Let m be -1*2*(-17)/2. Suppose -216 = -0*b - 3*b. Suppose -5*k - m = -b. List the prime factors of k.
11
Let y = 12 + -8. Let t(z) = z**2 - 2*z - 4. Let p be t(y). Suppose -h + 15 = s - 2*h, 0 = p*h + 20. What are the prime factors of s?
2, 5
Suppose -2*d + 0*d = -94. What are the prime factors of d?
47
Suppose 0 - 3 = -w. Let d(r) = -w*r**2 + r + r**2 + 3*r**2. List the prime factors of d(1).
2
Let o(u) = u**3 - 9*u**2 + 11*u - 14. What are the prime factors of o(9)?
5, 17
Suppose -231 = -4*s + 65. What are the prime factors of s?
2, 37
Suppose 1283 + 409 = 9*g. List the prime factors of g.
2, 47
Let q(w) = 50*w - 2. Let x(d) = -25*d + 1. Let m(s) = -3*q(s) - 5*x(s). Let i be m(-1). Let f = -16 + i. What are the prime factors of f?
2, 5
Suppose -3*g + 2*g = j - 10, -4*g + 3*j = -75. Let t = g - 1. Let h = -5 + t. What are the prime factors of h?
3
Let v be 34/10 + (-4)/10. Suppose 5*z = -2*a + 71, 3*a - 4*z - 116 = a. Suppose u + v*u - a = 0. What are the prime factors of u?
2, 3
Suppose -w = w - 10. Suppose -25 = -w*i + 25. Suppose -5*a = -p + i, -2*p + 10 = -p + 4*a. What are the prime factors of p?
2, 5
Let g(t) = t**2 + 5*t. Let u be g(-5). Suppose u = -3*z - s + 1, -z - 18 = 4*s. Suppose -3*k + 15 = -0*p + p, -2*k + 2*p = -z. What are the prime factors of k?
2
Let q be 1 + 5 + 2/1. Let s(k) = -q - k + 0*k + 3*k. What are the prime factors of s(6)?
2
Let h be 3/((-2)/((-4)/3)). Let q(s) = 6*s**2 - s**h + s**2 - 1. List the prime factors of q(1).
5
Let l(k) = -k**2 - 4*k. Let t be l(-3). Suppose 0*j = -t*j - 24. Let c(r) = -r**3 - 8*r**2 + 10. What are the prime factors of c(j)?
2, 5
Suppose 84 = 2*t + 4*h, -h + 3*h = -4. Let m = t + 5. What are the prime factors of m?
3, 17
Suppose 9 = -2*o + 87. List the prime factors of o.
3, 13
Let o(l) = l**3 + 48. Let y be 3 - (6 - (0 + 3)). What are the prime factors of o(y)?
2, 3
Suppose -4*v + 2*t + 62 + 20 = 0, 64 = 4*v + 4*t. Suppose -n = 5, n = 3*s + 2*n - v. What are the prime factors of s?
2
Let c = 5 - 3. Suppose 0*u + c*u = 26. List the prime factors of u.
13
Let c be (-1)/3 - (-1)/3. Let b be 6 + (-2 + c)/(-2). What are the prime factors of 1/(1/b) - 2?
5
Suppose 0 = -3*u - 4*j + 125, -j + 246 - 15 = 5*u. List the prime factors of u.
47
Suppose -u = -4 - 3. Let t(r) = r**3 - 8*r**2 + 8*r + 4. What are the prime factors of t(u)?
11
Let y(q) = 41*q + 3. Let k be y(-2). What are the prime factors of k/(-9) - 10/(-45)?
3
Let m(f) = 5*f**2 + 2*f + 6. List the prime factors of m(-3).
3, 5
Let r = 1 - -2. Let d = 6 - 1. Suppose -r*m + 2*m = 4, n = d*m + 26. What are the prime factors of n?
2, 3
Let h be 4*(-1 + -1 + -2). Let z = -9 - h. Let x(d) = d**2 - 5*d - 5. List the prime factors of x(z).
3
Suppose -l = -4*l + 102. What are the prime factors of l?
2, 17
Suppose 0 = -3*f - 3 + 6. Suppose 2*d = 3*v + f - 2, 5*v = -2*d + 23. Suppose 8 = 7*n - v*n. What are the prime factors of n?
2
Let n(t) be the second derivative of -t**5/20 + 5*t**4/12 + 2*t**3/3 - t**2 + 2*t. What are the prime factors of n(5)?
2, 3
Suppose -3*k + 108 = -k. Let r = k - 20. Let y = r + -23. What are the prime factors of y?
11
Suppose 3*v - 1 = s, -11 = -4*s + 9. Suppose -39 = -5*x - 2*f, 7 + v = -3*f. Suppose b - x = -2*q + 1, -3*q + 22 = 5*b. List the prime factors of q.
2
Let q be 2/11 + (-79)/11. List the prime factors of (-12)/(-4)*q/(-3).
7
Let y be 0 + 4/((-4)/13). Let p = y - -25. What are the prime factors of p?
2, 3
Let r = -6 + 80. List the prime factors of r.
2, 37
Let h(k) be the first derivative of 9*k**2/2 + k + 4. What are the prime factors of h(1)?
2, 5
Suppose -2*z + 4*j + j = -53, -2*j - 10 = 0. What are the prime factors of z?
2, 7
Let f(j) = j**2 + 4*j - 10. What are the prime factors of f(-12)?
2, 43
List the prime factors of (-